ded by 2173.
8
What is the remainder when 135 is divided by 49?
37
Calculate the remainder when 117 is divided by 12.
9
Calculate the remainder when 52 is divided by 22.
8
Calculate the remainder when 125 is divided by 26.
21
Calculate the remainder when 174 is divided by 18.
12
Calculate the remainder when 541 is divided by 32.
29
What is the remainder when 4021 is divided by 1333?
22
What is the remainder when 174 is divided by 51?
21
What is the remainder when 527 is divided by 464?
63
What is the remainder when 297 is divided by 10?
7
Calculate the remainder when 3467 is divided by 64.
11
What is the remainder when 124 is divided by 21?
19
What is the remainder when 277 is divided by 144?
133
Calculate the remainder when 1097 is divided by 243.
125
Calculate the remainder when 1187 is divided by 44.
43
What is the remainder when 234 is divided by 48?
42
What is the remainder when 1919 is divided by 57?
38
What is the remainder when 124 is divided by 53?
18
Calculate the remainder when 2494 is divided by 825.
19
What is the remainder when 85 is divided by 31?
23
What is the remainder when 620 is divided by 33?
26
What is the remainder when 4549 is divided by 70?
69
Calculate the remainder when 379 is divided by 106.
61
What is the remainder when 722 is divided by 8?
2
Calculate the remainder when 23 is divided by 8.
7
Calculate the remainder when 616 is divided by 303.
10
What is the remainder when 3452 is divided by 16?
12
Calculate the remainder when 3352 is divided by 834.
16
What is the remainder when 203 is divided by 48?
11
Calculate the remainder when 245 is divided by 58.
13
Calculate the remainder when 138 is divided by 49.
40
Calculate the remainder when 331 is divided by 56.
51
Calculate the remainder when 339 is divided by 43.
38
What is the remainder when 430 is divided by 8?
6
Calculate the remainder when 318 is divided by 42.
24
Calculate the remainder when 76 is divided by 16.
12
What is the remainder when 710 is divided by 46?
20
Calculate the remainder when 3023 is divided by 12.
11
Calculate the remainder when 7828 is divided by 8.
4
Calculate the remainder when 455 is divided by 12.
11
What is the remainder when 19 is divided by 8?
3
What is the remainder when 1968 is divided by 34?
30
What is the remainder when 142 is divided by 13?
12
Calculate the remainder when 1820 is divided by 16.
12
What is the remainder when 196 is divided by 52?
40
What is the remainder when 109 is divided by 16?
13
Calculate the remainder when 11454 is divided by 9.
6
Calculate the remainder when 71 is divided by 48.
23
Calculate the remainder when 292 is divided by 42.
40
What is the remainder when 172 is divided by 4?
0
Calculate the remainder when 599 is divided by 20.
19
What is the remainder when 322 is divided by 27?
25
What is the remainder when 3737 is divided by 42?
41
Calculate the remainder when 2261 is divided by 69.
53
Calculate the remainder when 1005 is divided by 127.
116
What is the remainder when 554 is divided by 35?
29
What is the remainder when 700 is divided by 213?
61
Calculate the remainder when 989 is divided by 55.
54
Calculate the remainder when 44 is divided by 15.
14
Calculate the remainder when 645 is divided by 133.
113
Calculate the remainder when 1348 is divided by 9.
7
Calculate the remainder when 2928 is divided by 32.
16
What is the remainder when 2438 is divided by 609?
2
Calculate the remainder when 123 is divided by 35.
18
What is the remainder when 829 is divided by 10?
9
What is the remainder when 639 is divided by 34?
27
Calculate the remainder when 839 is divided by 30.
29
Calculate the remainder when 2267 is divided by 27.
26
Calculate the remainder when 3967 is divided by 64.
63
Calculate the remainder when 863 is divided by 73.
60
What is the remainder when 2284 is divided by 10?
4
Calculate the remainder when 1429 is divided by 26.
25
What is the remainder when 117 is divided by 116?
1
What is the remainder when 2615 is divided by 11?
8
What is the remainder when 87 is divided by 31?
25
Calculate the remainder when 424 is divided by 7.
4
What is the remainder when 3972 is divided by 20?
12
What is the remainder when 1471 is divided by 25?
21
What is the remainder when 472 is divided by 116?
8
Calculate the remainder when 90 is divided by 79.
11
What is the remainder when 812 is divided by 138?
122
What is the remainder when 193 is divided by 68?
57
What is the remainder when 940 is divided by 9?
4
What is the remainder when 1534 is divided by 29?
26
What is the remainder when 226 is divided by 90?
46
Calculate the remainder when 2548 is divided by 5.
3
What is the remainder when 1001 is divided by 48?
41
Calculate the remainder when 403 is divided by 106.
85
Calculate the remainder when 3359 is divided by 56.
55
What is the remainder when 69 is divided by 53?
16
Calculate the remainder when 1797 is divided by 21.
12
What is the remainder when 6382 is divided by 228?
226
What is the remainder when 956 is divided by 33?
32
Calculate the remainder when 109 is divided by 55.
54
Calculate the remainder when 569 is divided by 31.
11
What is the remainder when 3148 is divided by 21?
19
What is the remainder when 169 is divided by 89?
80
What is the remainder when 122 is divided by 61?
0
Calculate the remainder when 65 is divided by 19.
8
What is the remainder when 17356 is divided by 10?
6
Calculate the remainder when 649 is divided by 31.
29
What is the remainder when 676 is divided by 104?
52
Calculate the remainder when 333 is divided by 24.
21
Calculate the remainder when 27 is divided by 1.
0
Calculate the remainder when 2440 is divided by 72.
64
What is the remainder when 814 is divided by 51?
49
Calculate the remainder when 11526 is divided by 189.
186
What is the remainder when 902 is divided by 225?
2
Calculate the remainder when 102 is divided by 8.
6
What is the remainder when 41 is divided by 14?
13
Calculate the remainder when 450 is divided by 96.
66
Calculate the remainder when 74 is divided by 55.
19
What is the remainder when 362 is divided by 189?
173
What is the remainder when 414 is divided by 21?
15
Calculate the remainder when 15 is divided by 10.
5
Calculate the remainder when 403 is divided by 37.
33
Calculate the remainder when 8727 is divided by 10.
7
What is the remainder when 78 is divided by 60?
18
Calculate the remainder when 1214 is divided by 29.
25
Calculate the remainder when 825 is divided by 36.
33
What is the remainder when 870 is divided by 26?
12
What is the remainder when 325 is divided by 221?
104
What is the remainder when 60 is divided by 42?
18
What is the remainder when 1477 is divided by 177?
61
What is the remainder when 3239 is divided by 27?
26
What is the remainder when 696 is divided by 101?
90
What is the remainder when 122 is divided by 65?
57
Calculate the remainder when 1083 is divided by 155.
153
What is the remainder when 92 is divided by 57?
35
Calculate the remainder when 8136 is divided by 4063.
10
What is the remainder when 445 is divided by 28?
25
What is the remainder when 14787 is divided by 30?
27
Calculate the remainder when 48 is divided by 45.
3
Calculate the remainder when 24603 is divided by 259.
257
What is the remainder when 10278 is divided by 5?
3
Calculate the remainder when 111 is divided by 16.
15
What is the remainder when 2109 is divided by 305?
279
Calculate the remainder when 162 is divided by 43.
33
Calculate the remainder when 5576 is divided by 91.
25
Calculate the remainder when 20 is divided by 16.
4
What is the remainder when 483 is divided by 81?
78
Calculate the remainder when 809 is divided by 62.
3
Calculate the remainder when 1318 is divided by 27.
22
What is the remainder when 1149 is divided by 338?
135
Calculate the remainder when 307 is divided by 28.
27
Calculate the remainder when 1303 is divided by 264.
247
Calculate the remainder when 368 is divided by 23.
0
Calculate the remainder when 127 is divided by 16.
15
Calculate the remainder when 1017 is divided by 506.
5
What is the remainder when 84 is divided by 22?
18
Calculate the remainder when 478 is divided by 83.
63
What is the remainder when 6654 is divided by 32?
30
What is the remainder when 502 is divided by 22?
18
What is the remainder when 77 